ive j(-3).
3
Let q(l) = -2*l + 4. Determine q(5).
-6
Let z(h) = -4*h**3 + h**2 + h - 2. What is z(1)?
-4
Let r(v) = -v**2 + 2*v + 10. What is r(0)?
10
Let h(n) = 10*n + 1. What is h(-1)?
-9
Let f(m) = m + 5. Determine f(-8).
-3
Let h(x) = -x**2 + 7*x + 88. Calculate h(0).
88
Let b(z) = 17*z + 12. Calculate b(0).
12
Let g(w) = w**3 - 5*w**2 + 7*w - 3. Calculate g(3).
0
Let m(u) = u**2 - 14*u + 42. Determine m(11).
9
Let n(y) = 9*y + 7. Calculate n(-1).
-2
Let u(l) = l**2 - 21*l + 47. What is u(18)?
-7
Let r(h) = -22*h - 9. Calculate r(-1).
13
Let t(y) = -y**3 + 24*y**2 - 24*y + 24. Determine t(23).
1
Let x(h) = 8*h + 43. What is x(7)?
99
Let d(v) = 5*v + 3. Calculate d(-2).
-7
Let r(s) = -3*s + 10. What is r(7)?
-11
Let t(i) = 441*i + 877. Give t(-2).
-5
Let m(f) = 7*f - 250. Give m(39).
23
Let o(x) = -x**3 - 5*x**2 + 25*x - 6. Calculate o(4).
-50
Let t(h) = -h**2 - 17*h - 10. Determine t(-14).
32
Let v(q) = q**2 + 72*q - 917. Give v(11).
-4
Let a(v) = -5*v**2 - 4*v - 2. Determine a(-2).
-14
Let z(d) = d**3 - 6*d**2 - 4*d + 9. Give z(7).
30
Let y(d) = -5*d + 14. What is y(-6)?
44
Let b(y) = y**3 + 4*y**2 - 2*y + 5. Give b(-5).
-10
Let f(q) = q**3 - 3*q**2 + 4*q. Calculate f(3).
12
Let f(w) = w**2 - 5*w + 7. Calculate f(3).
1
Let a(l) = -l**3 - 10*l**2 - 5*l + 10. Give a(-9).
-26
Let k(f) = 53*f + 116. Give k(-2).
10
Let w(i) = 134*i**2 + 2. Calculate w(1).
136
Let k(h) = -h**3 + h + 4. Calculate k(0).
4
Let n(o) = -o**3 + 7*o**2 - 7*o + 6. What is n(4)?
26
Let c(y) = -y**3 + y + 30. What is c(0)?
30
Let f(w) = -2*w - 24. Calculate f(-9).
-6
Let s(b) = 6*b + 83. What is s(-12)?
11
Let s(i) = 5*i**2 - 10*i. Give s(4).
40
Let i(a) = -a**2 + 12*a + 57. Calculate i(-4).
-7
Let g(o) = 5*o + 8. Give g(-2).
-2
Let q(z) = -3*z**2 + 27*z - 6. Calculate q(12).
-114
Let c(k) = k**2 - 12*k + 2. What is c(11)?
-9
Let c(m) = -m**2 + 21*m - 12. What is c(19)?
26
Let d(c) = 203*c**3 + c**2 - 2*c + 2. Determine d(1).
204
Let l(z) = -z**2 + z - 8. Give l(4).
-20
Let z(t) = -8*t + 65. Give z(15).
-55
Let s(t) = -t**3 + 7*t**2 + 2*t - 7. Calculate s(7).
7
Let b(s) = s**3 - 5*s**2 - 7*s - 1. Calculate b(6).
-7
Let a(d) = -163*d - 1632. Calculate a(-10).
-2
Let g(f) = -7*f + 5. Calculate g(6).
-37
Let u(l) = -46*l - 270. Calculate u(-6).
6
Let r(p) = 10*p - 12. Give r(7).
58
Let f(u) = -u**3 + 5*u**2 - 2*u - 2. Give f(3).
10
Let n(s) = -14*s + 136. Determine n(9).
10
Let w(i) = -11*i**3 - 5*i**2 + 1. Calculate w(-1).
7
Let p(d) = d**3 - 16*d**2 + 30*d - 34. Calculate p(14).
-6
Let q(r) = -r**2 - 4*r - 13. Give q(-5).
-18
Let w(l) = l**3 - 10*l**2 - 29*l + 8. Determine w(12).
-52
Let r(f) = f**3 + 8*f**2 - 3*f - 9. Give r(-8).
15
Let m(k) = k**2 + 17*k - 83. Calculate m(4).
1
Let v(n) = n**2 + 13*n + 17. What is v(-11)?
-5
Let v(l) = -l**2 + 7*l - 14. What is v(3)?
-2
Let i(m) = -2*m**2 - 41*m - 48. Give i(-19).
9
Let h(z) = 16*z - 43. Calculate h(3).
5
Let f(u) = 7*u**2 - 2*u - 4. Give f(0).
-4
Let y(r) = r**3 + 4*r**2 - 6*r - 7. Calculate y(-5).
-2
Let v(a) = -2*a + 4. What is v(-10)?
24
Let v(x) = -x**2 + 4*x + 19. Give v(7).
-2
Let m(l) = l**3 + l**2 - 6*l - 3. What is m(-2)?
5
Let f(d) = -d**3 + 8*d**2 - 7*d - 10. Determine f(6).
20
Let k(j) = j**2 - 25*j + 1. Calculate k(25).
1
Let s(b) = 16*b**2 + 77*b - 8. Give s(-5).
7
Let d(f) = 2*f - 4. Give d(2).
0
Let g(h) = 2*h**2 - 24*h - 13. Give g(12).
-13
Let w(v) = -4*v - 2. Determine w(4).
-18
Let t(u) = -u**3 - 24*u**2 - 23*u + 9. Determine t(-23).
9
Let m(w) = -2*w**2 - 10*w + 4. Calculate m(-10).
-96
Let u(s) = -2*s - 15. Calculate u(-8).
1
Let j(c) = -c**3 + 6*c**2 - 2*c - 11. Give j(5).
4
Let k(f) = -f**3 - 6*f**2 - f + 6. Determine k(-4).
-22
Let j(z) = z - 16. Give j(15).
-1
Let q(r) = -r**3 - 24*r**2 + 22*r - 62. What is q(-25)?
13
Let m(g) = g**3 - 8*g**2 - 4*g + 41. Calculate m(8).
9
Let r(s) = 2*s**3 + 3*s**2 - 3*s - 2. What is r(-3)?
-20
Let v(z) = z**2 + z + 1. Determine v(2).
7
Let a(q) = -6*q**2 - 4. Determine a(2).
-28
Let a(p) = -p**3 - 6*p**2 - 4*p - 2. What is a(-5)?
-7
Let a(z) = -z**2 - 24*z - 139. Determine a(-10).
1
Let s(d) = 5*d + 5. Give s(2).
15
Let h(o) = -2*o**2 + o - 3. Determine h(-2).
-13
Let t(p) = -15*p**3 + 2*p - 1. Calculate t(1).
-14
Let u(b) = 2*b**3 + b. What is u(0)?
0
Let j(k) = -17*k + 200. Give j(12).
-4
Let g(f) = 20*f**3 - f**2 + f + 2. What is g(-1)?
-20
Let c(s) = -3*s**2 + 49*s + 3. What is c(17)?
-31
Let k(x) = -x**2 - 6*x + 14. Give k(-5).
19
Let q(v) = -2*v**3 + 11*v**2 - 10*v - 6. Give q(4).
2
Let i(j) = -j**3 + 8*j**2 + 2*j - 10. Give i(8).
6
Let w(t) = 8*t**3 + t**2. What is w(1)?
9
Let m(z) = -z**3 + 6*z**2 - 42*z + 185. What is m(5)?
0
Let w(v) = v**2 + 5*v - 242. Determine w(-18).
-8
Let u(i) = -2*i + 7. Calculate u(3).
1
Let h(p) = p**3 + 8*p**2 + 7*p + 6. Give h(-5).
46
Let z(d) = 2*d**3 + 4*d**2 + 12. Calculate z(-3).
-6
Let r(q) = 4*q**2 + 4*q + 3. Give r(-2).
11
Let x(m) = m**2 - 9*m - 8. What is x(8)?
-16
Let g(s) = -2*s**2 + 3*s - 3. Determine g(2).
-5
Let p(a) = a**2 + a - 1. Give p(2).
5
Let c(i) = 12*i + 47. Calculate c(-4).
-1
Let t(q) = q + 4. Give t(-6).
-2
Let r(v) = -v**3 + 10*v**2 + 9. Give r(10).
9
Let m(f) = f + 9. Determine m(-15).
-6
Let o(c) = -c**2 - 15*c - 10. Calculate o(-14).
4
Let u(q) = -4*q - 25. Give u(-8).
7
Let y(c) = -4*c**3 + 3*c**2 + 2*c. Calculate y(-1).
5
Let b(r) = 3*r**3 + 2*r + 2. What is b(-3)?
-85
Let a(y) = y + 5. Determine a(-8).
-3
Let l(i) = -7*i + 29. Determine l(13).
-62
Let f(h) = -2*h**2 - 4*h - 1. Give f(-3).
-7
Let f(h) = 5*h + 178. What is f(-35)?
3
Let o(s) = 17*s + 325. Give o(-19).
2
Let p(g) = g**2 + 87*g + 341. What is p(-83)?
9
Let a(o) = o - 17. Calculate a(0).
-17
Let f(z) = -4*z + 33. Calculate f(8).
1
Let x(u) = -u**2 - 18*u - 59. Give x(-11).
18
Let p(a) = a**2 + 12*a + 14. Give p(-10).
-6
Let u(k) = k**3 + 5*k**2 + k + 1. Determine u(-2).
11
Let g(f) = -f + 12. Calculate g(2).
10
Let j(m) = -m + 12. What is j(10)?
2
Let a(w) = -w**2 + 3*w - 5. Determine a(4).
-9
Let t(i) = 5*i**2 + 12*i + 7. Calculate t(-3).
16
Let j(s) = 4*s + 3. Determine j(-3).
-9
Let z(a) = -a + 6. Determine z(10).
-4
Let v(x) = -3*x**2 + 4*x - 6. Calculate v(1).
-5
Let j(b) = -b**3 + 7*b**2 - 5*b + 1. Determine j(5).
26
Let h(m) = -m**3 - 6*m**2 + 12*m + 11. Calculate h(-7).
-24
Let y(g) = 3*g + 6. Determine y(7).
27
Let z(t) = t**3 - 19*t**2 + 20*t + 23. Give z(18).
59
Let j(k) = k**3 - 6*k**2 + 2*k + 20. Calculate j(4).
-4
Let v(u) = 7*u - 47. Determine v(7).
2
Let m(d) = -d**2 - 10*d + 8. Determine m(-11).
-3
Let g(s) = -s**2 - 16*s + 11. What is g(-9)?
74
Let m(n) = n**3 + 13*n**2 + 22*n + 5. What is m(-12)?
-115
Let c(r) = -r + 31. Determine c(27).
4
Let r(g) = -3*g - 7. What is r(-2)?
-1
Let i(p) = p**2 - 7*p - 12. Give i(9).
6
Let h(b) = 3*b + 6. Give h(-4).
-6
Let f(t) = t**2 + 8*t + 7. Calculate f(-5).
-8
Let q(o) = -o**3 + o**2 + o - 28. Determine q(0).
-28
Let j(g) = -19*g - 521. Calculate j(-27).
-8
Let w(l) = -2*l**3 - 8*l**2 + 12*l + 4. Determine w(-5).
-6
Let m(v) = -2*v**2 + 4. What is m(-2)?
-4
Let f(g) = -116*g**3 + 2*g**2 - g - 1. What is f(1)?
-116
Let r(s) = -s - 16. What is r(-15)?
-1
Let t(o) = 24*o**3 - o. Give t(1).
23
Let q(b) = 2*b - 3. What is q(-6)?
-15
Let w(j) = -8*j + 42. Determine w(10).
-38
Let c(f) = -11*f + 408. Calculate c(37).
1
Let n(t) = -t**2 - 9*t - 1. What is n(-10)?
-11
Let c(b) = -b**2 + 3*b - 21. Determine c(0).
-21
Let w(s) = -6*s**2 + 57*s - 8. Determine w(9).
19
Let u(b) = b**3 - 12*b**2 - 11*b - 2. Give u(13).
24
Let d(p) = p**2 - p - 60. Give d(0).
-60
Let u(h) = 31*h + 171. Give u(-6).
-15
Let i(q) = -5*q**3 + q**2 + q - 2. Calculate i(1).
-5
Let z(p) = 6*p**2 - 7*p - 1. Give z(5).
114
Let z(r) = r**2 - 4*r + 7. What is z(4)?
7
Let p(u) = -u**2 + 3*u + 12. Give p(9).
-42
Let g(u) = -u**3 - 16*u**2 + 54*u - 60. What is g(-19)?
-3
Let i(y) = y**3 + 6*y**2 - 11*y - 4. What is i(-8)?
-44
Let i(d) = -d**2 - d + 19. Determine i(0).
19
Let o(r) = 2*r**2 - 61*r - 35. Calculate o(31).
-4
Let m(s) = -s**3 + 13*s**2 - 4*s + 59. Give m(13).
7
Let y(u) = -3*u**3 - 3*u**2 - 2*u. Give y(-1).
2
Let j(q) = -q + 45. Calculate j(14).
31
Let z(f) = 2*f**2 - 9*f + 1. Determine z(5).
6
Let p(h) = h**2 - 4*h - 4. What is p(10)?
56
Let g(l) = 4*l**2 + 10*l - 1. What is g(1)?
13
Let m(h) = h**